?
424
What is the highest common divisor of 25059624 and 648552?
10632
What is the greatest common factor of 5746289 and 68?
17
What is the greatest common divisor of 41917 and 5873149?
251
What is the greatest common factor of 612500 and 40180?
980
What is the highest common divisor of 18957693 and 9?
3
What is the highest common divisor of 1699160 and 339190?
1070
What is the greatest common divisor of 553921494 and 12?
6
Calculate the greatest common divisor of 22057656 and 7416.
2472
Calculate the greatest common divisor of 708954271 and 58.
29
What is the greatest common divisor of 12 and 2125299?
3
What is the highest common divisor of 2902516 and 6516?
724
What is the greatest common divisor of 816 and 921942?
6
What is the greatest common divisor of 171530 and 7650?
170
What is the greatest common divisor of 136014 and 23028?
6
Calculate the highest common factor of 1788 and 197351692.
596
What is the greatest common factor of 769 and 2593?
1
What is the greatest common factor of 2833607 and 10276?
2569
What is the highest common divisor of 16993890 and 1860?
930
Calculate the greatest common factor of 482710152 and 3.
3
What is the highest common factor of 1283 and 588703267?
1283
What is the greatest common divisor of 199148513 and 227907?
8441
What is the greatest common factor of 703 and 800812?
19
Calculate the highest common divisor of 11804 and 7008852.
908
Calculate the highest common divisor of 224297 and 305.
61
What is the highest common divisor of 56 and 885572?
4
What is the highest common divisor of 24343921 and 133?
133
What is the highest common factor of 61937 and 160368?
257
Calculate the highest common factor of 3566206 and 98.
14
What is the greatest common divisor of 104542991 and 1659?
553
What is the greatest common factor of 15 and 241233795?
15
What is the greatest common divisor of 11191737 and 16?
1
Calculate the greatest common divisor of 171840 and 1053120.
960
What is the highest common divisor of 69895078 and 2706?
902
What is the highest common factor of 2646 and 1590981?
147
What is the greatest common factor of 1032 and 19026726?
258
Calculate the highest common divisor of 48461 and 5667830.
2107
What is the highest common divisor of 44 and 125878500?
44
What is the greatest common factor of 1173 and 1332137?
391
What is the highest common divisor of 6808 and 14752085?
851
What is the greatest common factor of 456 and 242669748?
228
Calculate the greatest common factor of 14839 and 1772089.
781
What is the greatest common factor of 338514 and 2442?
66
What is the highest common divisor of 6539976 and 36?
36
What is the greatest common divisor of 120 and 36999960?
120
Calculate the greatest common divisor of 120 and 55222296.
24
What is the greatest common divisor of 2585 and 48211895?
235
Calculate the greatest common factor of 257264 and 448.
112
What is the greatest common factor of 2783846 and 1846?
26
What is the highest common divisor of 27749630 and 1406?
74
Calculate the highest common factor of 528 and 40675888.
176
Calculate the highest common factor of 85692 and 206124.
2316
Calculate the highest common divisor of 136582 and 1219067.
1453
Calculate the highest common factor of 5122980 and 4320.
540
What is the highest common divisor of 6450 and 102391600?
2150
What is the highest common divisor of 80680044 and 92?
92
What is the highest common factor of 108766485 and 45?
45
Calculate the greatest common divisor of 25460316 and 252.
252
Calculate the highest common factor of 5448639 and 672.
21
What is the highest common factor of 222760 and 17314021?
5569
Calculate the greatest common factor of 655 and 93830715.
655
What is the highest common divisor of 1928755 and 4360?
545
What is the greatest common factor of 185038128 and 360?
72
Calculate the highest common factor of 649 and 45440443.
59
What is the greatest common factor of 1631 and 22309?
7
Calculate the highest common factor of 825 and 19514385.
165
What is the highest common factor of 195830 and 155?
5
Calculate the highest common divisor of 25 and 8167765.
5
Calculate the highest common divisor of 7882252 and 28.
28
What is the greatest common factor of 864 and 36969936?
48
Calculate the highest common factor of 9246402 and 135608.
1474
What is the greatest common divisor of 192 and 4366800?
48
What is the greatest common factor of 764105 and 535?
5
What is the greatest common factor of 2724 and 13236?
12
What is the highest common divisor of 116 and 76950949?
29
Calculate the greatest common divisor of 21082 and 31027370.
254
What is the highest common divisor of 13248 and 97269024?
2208
Calculate the highest common divisor of 924500522 and 61448.
15362
What is the highest common factor of 14043460 and 40?
20
Calculate the highest common factor of 150009264 and 558.
18
What is the greatest common factor of 2759288 and 12152?
392
What is the greatest common factor of 6109857 and 15379?
2197
Calculate the greatest common factor of 116 and 19465003.
29
What is the highest common divisor of 3160334853 and 351?
351
Calculate the greatest common divisor of 124073 and 3059687.
2341
Calculate the greatest common divisor of 4964 and 2486250.
34
What is the highest common divisor of 1592058 and 17667?
39
What is the highest common factor of 1183 and 53368?
7
What is the highest common factor of 607658 and 6802?
38
Calculate the greatest common divisor of 28 and 2927540.
28
Calculate the highest common factor of 36 and 111828772.
4
What is the greatest common divisor of 5286569 and 48329?
1559
What is the greatest common factor of 3795 and 2843490?
345
What is the greatest common divisor of 88854348 and 132?
132
What is the highest common divisor of 4507412 and 3741374?
11102
What is the greatest common divisor of 42052770 and 30?
30
What is the highest common divisor of 274149 and 130476?
249
What is the greatest common factor of 15263712 and 288?
288
Calculate the greatest common divisor of 567 and 53028702.
27
What is the greatest common factor of 4431 and 1332114?
21
What is the highest common factor of 6857970 and 1156?
578
Calculate the highest common factor of 57266520 and 200.
40
Calculate the greatest common factor of 3357 and 1152246609.
3357
What is the highest common factor of 1842 and 111702?
6
Calculate the highest common divisor of 13674 and 3202038.
258
What is the highest common factor of 44 and 978752313?
11
What is the highest common factor of 196 and 28859068?
28
Calculate the greatest common factor of 192 and 4778556.
12
Calculate the highest common factor of 61901582 and 38.
38
Calculate the highest common factor of 72426954 and 534.
534
What is the greatest common factor of 1212526 and 7?
7
What is the greatest common divisor of 21900 and 202050?
150
What is the highest common divisor of 22 and 1487526?
2
Calculate the greatest common factor of 3893 and 5358842969.
3893
What is the highest common divisor of 1216824176 and 16?
16
What is the greatest common factor of 4998 and 3218908?
98
What is the highest common factor of 61750 and 5073250?
3250
What is the greatest common divisor of 32657 and 2291481?
289
Calculate the greatest common divisor of 391 and 429369.
17
Calculate the highest common divisor of 12304744 and 248.
8
What is the highest common divisor of 90640 and 35920?
80
Calculate the greatest common factor of 28268 and 6580080.
148
Calculate the highest common divisor of 87637 and 2811323.
257
Calculate the greatest common divisor of 19608 and 611933.
817
What is the highest common divisor of 1189288 and 1175?
47
What is the highest common divisor of 60452420 and 112?
28
Calculate the highest common divisor of 577 and 66959119.
577
What is the greatest common factor of 290 and 57913?
29
What is the greatest common factor of 1 and 8672504?
1
Calculate the highest common divisor of 328815272 and 10776.
3592
What is the greatest common factor of 50746907 and 3286?
31
Calculate the greatest common factor of 11950 and 31839580.
2390
Calculate the greatest common divisor of 3381257 and 4126.
2063
What is the greatest common divisor of 942070 and 30?
10
What is the highest common divisor of 2852 and 220443914?
1426
What is the greatest common factor of 3586844 and 8364?
164
What is the greatest common factor o